ate the remainder when b is divided by 57.
31
Let r be ((-2)/(-7))/(2/14). Suppose 4*z + r = 22. Suppose l - 11 = -3*o + 3*l, 2*o = -z*l + 20. What is the remainder when 14 is divided by o?
4
Let y be 8/2 + (-60)/4. Let b(c) = -2*c + 3. Calculate the remainder when b(y) is divided by 5.
0
Let y(j) = -j - 1. Let k be y(-4). Suppose 0*n + k*n = 36. Let x = -12 + 46. What is the remainder when x is divided by n?
10
Suppose 2*s + 3*s + 60 = 0. What is the remainder when ((-6)/s)/((-1)/(-10)) is divided by 3?
2
Suppose 0*x = x - 9. Let t = -27 + 39. Calculate the remainder when ((-20)/(-15))/(1/t) is divided by x.
7
Suppose -25 = -3*l - 4*h, -3*h - 26 = -4*l - h. Let n = 3167 - 3144. Calculate the remainder when n is divided by l.
2
Let y = 347 - 277. What is the remainder when 344 is divided by y?
64
Let q(z) = 4*z**2 + 31*z. What is the remainder when q(4) is divided by 8?
4
Let a(d) = 6*d - 24. Let n be a(6). Suppose 0 = -6*g - n + 186. What is the remainder when g is divided by 8?
5
Suppose -38 = -2*i - 2*v - 0*v, 2*v - 20 = -i. What is the remainder when 265 is divided by i?
13
What is the remainder when 57 is divided by 8 + 3 - 5 - -6?
9
Suppose m - 37 = -k, -3*k = -0*k + 2*m - 110. What is the remainder when 70 is divided by k?
34
Let x be (12/4)/(1 + 0). Suppose 0 = 2*p + x*p - 215. Let z = p - 28. What is the remainder when z is divided by 6?
3
Let r = -370 + 632. Calculate the remainder when r is divided by 44.
42
Let q be (4/12)/((-3)/27). Let c be (-2)/(0 - (-2)/q). Calculate the remainder when (-2 + -4)*(-1)/c is divided by 1.
0
Let x(j) = -j**2 - 2*j + 59. Let o be x(0). Let y be 1033/5 - (-4)/10. Suppose v + 2*b = -11 + o, -y = -5*v + b. What is the remainder when v is divided by 9?
6
Let n = 270 + -244. What is the remainder when 595 is divided by n?
23
Let s be 2/(-8) - 50/(-8). Let g(n) = -6 + n**2 + s - n. Calculate the remainder when 23 is divided by g(-3).
11
What is the remainder when 470*(-4 - -1)*(-10)/60 is divided by 77?
4
Let x be (2 + -1)/(0 + (-2)/(-28)). Suppose -2*c + 2*p + 0 = -4, c = -5*p + x. What is the remainder when 19 is divided by c?
3
Let r = 26 + -7. Suppose 4 - 191 = -l. Let f = l - 95. Calculate the remainder when f is divided by r.
16
What is the remainder when 66 is divided by -3*8/(-24) + (-5)/(-1)?
0
Suppose 9*b + 93 = 10*b. Let y be 3/(-1 + (-37)/(-34)). Suppose -5*k + 86 = -y. What is the remainder when b is divided by k?
21
Suppose 0 = -4*x + 3*u + 18, 5 = 3*x - 5*u - 14. Suppose m = 4*q + 19, -2*m = -0*q + x*q - 16. What is the remainder when m is divided by 6?
5
Let z be -6 - 4*(8 - 9). Suppose 3*u - 2 = -4*w - 5, -3*w - 24 = -5*u. Calculate the remainder when 71 is divided by u - (z + 4 - 17).
17
Suppose 115 = 6*n - n. Suppose -5*l + 7*q = 9*q - 6, 3*q + 10 = 2*l. Calculate the remainder when n is divided by l.
1
Suppose -79 - 362 = -9*r. What is the remainder when 190 is divided by r?
43
Let y(o) = 7*o + 2. Let l(h) = -4*h - 1. Let v(f) = 5*l(f) + 3*y(f). What is the remainder when (-2)/(-6) - 238/(-6) is divided by v(10)?
7
Let z(p) = -3*p**3 - 2*p**2 + 11*p + 27. Suppose 0 = 3*y + 2*y - 2025. Suppose 3*m + 2*m = y. What is the remainder when m is divided by z(-2)?
18
Let g(w) = -22*w**2 - 18 - 11 - 10*w**3 + 23*w + 11*w**3. What is the remainder when 101 is divided by g(21)?
10
Let q be (-2 - 0) + (-24)/(-8). Let b = 16 + q. What is the remainder when b is divided by 6?
5
Let j(o) = 0 + 4*o**2 + 0 + 1 + 36*o**2. Let w(b) = -b + 5. Let r be w(4). Calculate the remainder when j(r) is divided by 22.
19
Let d = -11 + -5. Let b be (10/(-4) - -1)*d. Let c = -2 + b. What is the remainder when c is divided by 8?
6
Let q be ((-2)/(-5))/((-2)/10). What is the remainder when 75 is divided by 20 - 0/(0 + q)?
15
Let s = 210 + -198. Suppose 2*r = 7*r - 35. Calculate the remainder when s is divided by r.
5
What is the remainder when 135 is divided by (18 + -17)*(-2 + 38/2)?
16
Suppose -3*a + 6*a - 3*b - 18 = 0, 8 = -4*b. Let f be a/(-30) + (-7220)/(-150). Calculate the remainder when (f/(-28))/((-2)/7) is divided by 3.
0
Suppose -9*f + 474 + 591 = 39. Suppose -2*k + 2*v + 66 = 0, -5*v = 3*k - k - 38. What is the remainder when f is divided by k?
27
Let v be (-45)/6*16/(-20). Suppose 0 = v*r - 7*r. Suppose -3*n + 3*c - c + 311 = r, 0 = -n - 3*c + 111. What is the remainder when n is divided by 36?
33
Calculate the remainder when 86 is divided by (66/(-44))/(((-45)/(-174))/(-5)).
28
Let h = 2121 - 1402. What is the remainder when h is divided by 18?
17
Let j(d) = 4*d**2 - 3*d - 4*d + 7*d. Let v be j(-1). Suppose -3*w = v*b - 43, 134 = 4*w - 5*b + 25. Calculate the remainder when 81 is divided by w.
18
What is the remainder when (1 - 0) + (-3384)/(-18) is divided by 32?
29
Let k = -21 - -27. Suppose -5*d + 2*o = -4 - 10, 4*o + k = -d. Suppose -d*w = -0*w - 84. Calculate the remainder when w is divided by 15.
12
Let j be 0/(-3) + -27 + (8 - 5). Let g = j + 39. What is the remainder when (-79)/(-3) + 2/(-6) is divided by g?
11
Suppose 3*x - 307 = 4*h, 3*h - 12 = 3. Calculate the remainder when 215 is divided by x.
106
What is the remainder when 308 is divided by -6 + 40/8 - (-44 + 1)?
14
Let j = -80 + 99. Suppose -24*c = -j*c - 315. What is the remainder when c is divided by 17?
12
Let w be (-3)/(21/(-6) - -2). What is the remainder when 1495/26 - (-1)/w is divided by ((-3)/(-2))/(9/120)?
18
Calculate the remainder when 94 is divided by -4 - -33 - (-7 - 1).
20
Suppose 2*t + 11 = 57. What is the remainder when t is divided by 4/(-30) - (-1288)/210?
5
Let q = 1233 - 691. What is the remainder when q is divided by 179?
5
Let q be (10 + -6 + 3)/1. Suppose 2*i - q*i = -10. Let c = i + 2. What is the remainder when 5 is divided by c?
1
Let v(y) = -y**3 - 5*y**2 + 7*y + 10. Calculate the remainder when v(-7) is divided by ((-24)/(-27))/(-4) + (-584)/(-36).
11
Suppose -5*i = 23 + 27. Let h(p) be the first derivative of p**3/3 + 11*p**2/2 + 13*p - 40. Calculate the remainder when 10 is divided by h(i).
1
What is the remainder when 976/24*-4*(-6)/16 is divided by 7?
5
Suppose -4*o = 4*w - 56, -4*o - 3*w + 56 = -5*w. Let t(k) = -k**3 + 68*k**2 - 133*k + 121. Calculate the remainder when t(66) is divided by o.
13
Suppose n + 5*m + 11 = 0, 3 = 2*n + 4*m + 1. Let p = n + -3. Calculate the remainder when 94 is divided by p.
4
Suppose -100 = -2*t - 2*t. Let j(x) be the third derivative of -x**4/24 + x**3/6 - 3*x**2. What is the remainder when t is divided by j(-5)?
1
Suppose -2*m - 2*m = 3*h - 15, 5*h - 4*m - 57 = 0. Suppose -3*d = -0*d - b + h, 5*b = 3*d + 21. Let n = 6 - d. What is the remainder when n is divided by 5?
3
Let v = 248 - 223. What is the remainder when v is divided by (-1)/(2/(-26) + 0)?
12
Suppose -105 = -d + 5*v, 5*v = -2*d + 50 + 100. Let f = d - 25. Let y = 27 - 6. Calculate the remainder when f is divided by y.
18
Calculate the remainder when 20/((-960)/(-108))*784/6 is divided by 18.
6
Let d(b) = 3*b - 6. Suppose -25 = r + 4*z, 7*z + 108 = -5*r + 4*z. Let a be (r/(-6))/((-3)/(-6)). Calculate the remainder when 58 is divided by d(a).
13
Let y(v) = -2*v**2 + 9*v - 2. Let d be y(4). Suppose 5*a - 140 = -4*u, -2*a = d*u + u - 63. Calculate the remainder when a is divided by 1/2 - 17/(-2).
6
Suppose 0 = a + 5*x - 39, -a - 5*x - 123 = -3*a. What is the remainder when a is divided by 29?
25
Let c be 70*(-2 - (-24)/10). Suppose 2*d + 2*g = g + 31, d = -3*g + c. Calculate the remainder when d is divided by 3.
1
Suppose -2*b - 3*b - 3*s + 742 = 0, -3*b + 426 = -3*s. Let l = b - 80. Suppose q = 1, -j - 2*q = q - 26. What is the remainder when l is divided by j?
20
Let u be 65/26*16/(-10). Calculate the remainder when (1 + u)/(3/(-77)) is divided by 26.
25
Let j be (-5 - -3)*22/(-4). Suppose -d = 2*m - j, -2*d + 2*m = -0 + 2. Suppose -2*k - 12 = -d*k. Calculate the remainder when 35 is divided by k.
11
Let x = 2 + 1. Let a(f) = 35*f - 60. Calculate the remainder when a(2) is divided by x.
1
Let u = -324 + 401. Let s(x) = x**2 + 6*x + 9. What is the remainder when u is divided by s(-7)?
13
Let v(b) = b + 14. Suppose 42 = 8*g - 166. What is the remainder when g is divided by v(0)?
12
Let p(h) = h**3 - 11*h**2 + 29*h - 7. What is the remainder when 1/((-4)/(-8)) + 21 is divided by p(3)?
7
Calculate the remainder when